hat is -11 + (-7 - (-4 - 2) - -7)?
-5
What is -196 + 211 + 0 + (-4 - -3)?
14
What is the value of 27 + (-60 - (5 + -16))?
-22
What is the value of -6 + (-1 + 2 - (7 + -10 + 8))?
-10
-8 + 1 + 18 + -7 + -8 + 0
-4
Evaluate (-23 - ((7 - 23) + 17)) + 3.
-21
What is (7 - 4) + (8 - 11) + -17?
-17
-47 + -36 + 76 + 47
40
What is the value of (7 - 22) + (1 - -1)?
-13
Calculate -27 + 32 + -19 + 14.
0
Calculate -4 + -1 - (3 - (26 + -10) - -11).
-3
What is the value of 34 - (-8 + 8 + 6 + -1)?
29
What is the value of 8 + -6 + -13 - (-12 + 15)?
-14
Calculate 6 + -8 + 19 + -10 + 5.
12
Calculate -1 + 8 + (448 - 443).
12
Evaluate -5 + (15 - 21) - (-1 + -2).
-8
What is 14 - (8 + 9 - -2)?
-5
What is 3 + -10 + 12 + -9 + (0 - 4)?
-8
What is -9 - (-4 - (24 - (-9 + 6)))?
22
Evaluate -1405 - -1392 - (1 + -5).
-9
What is the value of 0 + (-1 - 2) + -299 + 302?
0
Evaluate 16 + -1 + -12 + -1 + -1.
1
1 + -1 + 57 + -61 + 11
7
Calculate (23 - 27) + 7 + -2 + 11.
12
Calculate 12 + (12 - 52) + 10 - 4.
-22
4 + -26 + 21 + (-2 - 5 - 2)
-10
What is 24 + -36 + 34 + -20?
2
Evaluate -9 - (-2 - 3) - 5 - -5.
-4
Calculate 11 + 1 + 8 + -33 + 19.
6
What is -13 + -2 + -13 + (23 - 19)?
-24
4 + -9 + -2 - ((-19 - -7) + 0)
5
What is the value of 136 + -143 + (-2 - (3 - 17))?
5
Calculate (-4 - -5) + (9 - 20) + 2 + 7.
-1
What is the value of 17 + -7 + -6 + (1 + -4 - -14)?
15
What is the value of 6 + (-30 - -1) + (-1 - -2) - -3?
-19
Calculate 15 + 19 + (-31 - 0).
3
Calculate (-83 - -42) + 56 + 0 + (-2 - 1).
12
What is the value of -1 + (-15 - (-29 - -9))?
4
Evaluate -25 + 13 + 10 + 9.
7
Evaluate 2 + 2 - (3 + (2 - 0)) - -5.
4
What is the value of -1 - ((0 - 4) + 14) - (14 - 13)?
-12
-18 + -15 + 21 + (0 - -1) + 6
-5
Calculate -9 + 0 - (-5 + 9 + -13).
0
What is -12 - -1 - (13 - (-5 + 35))?
6
Calculate -18 - (-4 - 10) - (0 - (-1 + -1)).
-6
What is 18 + -19 + -5 + -3 + 2?
-7
(5 - (4 - 3)) + (-7 - 3) + 0
-6
Evaluate -7 - (6 - 10) - -11.
8
What is -5 - (19 - (33 - 19))?
-10
What is the value of -19 + 6 + (-10 - -17)?
-6
Calculate 6 - (21 + -1) - -25 - (6 + 1).
4
What is the value of 13 + -3 + (27 + 8 - 28)?
17
Calculate -6 + (6 - (5 + -1 - 3)).
-1
Calculate 24 + -43 + -31 + 79.
29
What is (-3 - -4 - 29 - -13) + 10?
-5
Evaluate -2 + -23 - ((13 - -15) + -38).
-15
What is the value of (28 - 31) + 11 + -26 + -1?
-19
Calculate -1 - -1 - (9 + 1) - (-16 - -12).
-6
What is the value of (13 - 4) + 5 + -9 - 3?
2
-34 + 24 + (3 - 0) + 16
9
What is the value of -2 + ((-2 - (8 + -3)) + -4 - 10)?
-23
What is -2 - (21 + 0) - (-35 - -24)?
-12
Calculate 23 + -2 + (214 - 228).
7
What is 10 - (2 - 0) - (-62 - -54) - 7?
9
(5 - 0) + (9 - (6 + 11) - -2)
-1
Evaluate -11 - (-1 + -4 + -15).
9
Evaluate 2 + 21 + 1 + -10 + -1.
13
-37 - -36 - (-2 + 10)
-9
What is 20 + 13 + -47 + -8 + -2?
-24
What is -2 + -9 + (-17 - -17 - (-3 + -1))?
-7
Calculate 19 + -25 - (-1 + -10 + 9).
-4
What is -49 - (11 - -27 - 60)?
-27
Evaluate (-18 - -3) + -11 + 10 - -8.
-8
Calculate 8 + -14 - ((-5 - (-2 + -5)) + 18).
-26
Calculate -1 + 8 - (5 + -9 + 9 + 6).
-4
Calculate -41 - -51 - (3 - 6 - 17).
30
-3 + 10 - 7 - (0 + -19 - 4)
23
What is -19 + -11 + 31 + -14 + -2?
-15
What is the value of (0 - 6 - -5 - (-2 + 14)) + 4?
-9
What is the value of 24 + (-1 + 11 - 29)?
5
What is -4 + 2 - (5 - -4 - 14)?
3
What is the value of -10 + (25 - (10 + -23 + 11))?
17
Calculate (-11 - 14 - -13) + -1 + 50.
37
What is -9 + (-12 - (-4 + (-4 - 0)))?
-13
What is the value of -1 - -7 - (6 + -9 + (32 - 4))?
-19
What is 4 - ((-39 - -47) + -5)?
1
What is 31 + -26 - (20 - -4)?
-19
What is -11 + (1 - 30) + 21?
-19
What is -18 - (-6 + (-7 - 0))?
-5
Evaluate -11 - (-1 + (-4 - -11) - 10).
-7
-40 - -27 - (1 + -2)
-12
Calculate (3 - (-7 - 0)) + (25 - 34).
1
Calculate 10 - ((-9 - 1) + 13).
7
-2 + 2 + (-3 - -11) + -1
7
What is the value of -4 + 3 + 2 - -1 - 8 - -13?
7
Evaluate -1 - (4 - 2) - (-21 + 14 + 9).
-5
-6 + -2 + 4 - (1424 + -1428)
0
Calculate -2 + -27 + (-4 - -27).
-6
What is the value of 8 - ((-3 - (0 - 3)) + 3) - -5?
10
What is (0 - -27) + (-198 - -183)?
12
What is the value of 9 + (-5 - 2) + (0 - 1) + 4?
5
What is (5 - 7 - -20) + -13 - -14?
19
What is the value of 154 + -150 - (-2 - (0 - -4 - 0))?
10
6 - (1 + 4 + (-2 - 8))
11
21 + 0 - ((-3 - -9) + -2)
17
32 + -3 - (107 + -111) - (1 - 2)
34
What is the value of -1 - -40 - (-76 - -97)?
18
Calculate -2 - (2 - -11) - -22.
7
What is -2 + (-4 - -2) + 18 - 2?
12
(-6 - 9) + -6 - (0 + 1)
-22
Evaluate 12 + (3 - 7) - 6 - (4 - 3).
1
Calculate 11 - (-4 - -2 - (1 - -3) - -8).
9
Calculate -7 + 5 + (4 - (0 + -11)).
13
What is the value of 1 - (-7 - (-15 + 27))?
20
What is the value of -28 + 18 - -4 - -26?
20
(2 - (-14 + 18)) + -12 + 28
14
What is the value of -20 + (-14 - -9 - -18)?
-7
Evaluate -10 + (-13 + 26 - 12).
-9
0 + -1 + -1 - (179 + -149 + 7)
-39
What is the value of -11 - (-20 + 60 + -19)?
-32
Calculate 21 + -7 - (14 - (6 + 1)).
7
What is the value of -13 - -19 - (9 - 1) - (1 - -13)?
-16
6 + (59 - 49 - (23 - 2))
-5
Evaluate 23 - (32 + -10) - 14.
-13
What is the value of -3 + -18 + 16 + -21?
-26
What is -57 + 49 - (5 + (4 - (-5 - -41)))?
19
What is 27 - (-2 - -1) - (1 + 22 - 15)?
20
What is the value of 6 + 0 - (19 + -5 + 0)?
-8
Evaluate -1 - (13 - 22 - 0).
8
What is the value of -22 - (9 + -1 + (2 - 4 - 7))?
-21
Evaluate (31 - 4) + -1 + 1 + (89 - 86).
30
What is the value of -250 - -280 - (-3 + (3 - -8))?
22
3 - ((10 - 5) + -14 + 11)
1
Calculate 18 + (-13 - -6) + -3 - (-2 - -11).
-1
Evaluate -13 + 12 + 34 - (5 - -6).
22
What is 17 - (23 + -6) - (1 - 3)?
2
-12 + 1 + 29 + 17 + -14 + 10
31
Calculate -23 + 46 + (3 - 4).
22
Evaluate (-12 - (-7 - -9 - 38)) + -1.
23
What is the value of (2 - -1) + 0 + -7 + 157 + -152?
1
What is -101 + 103 + -17 + 2?
-13
4 + (9 + 6 + -12 - (-10 - -5))
12
Evaluate -12 + 32 + -6 + 10 + -14.
10
What is the value of (2 - -3) + 6 + 4 + -4?
11
Calculate (8 - 4 - 10 - -3) + (4 - -5).
6
What is (-4 - (-9 + 7)) + 2 + -20 + -4?
-24
Evaluate 3 + -9 + -1 + 6 + 4.
3
4 + -14 + 2 + 12 + -8
-4
What is the value of 14 - (21 + 0 + -13 + -2 + -1)?
9
Evaluate (-15 - -28) + -1 + -5 + -31.
-24
(8 - -5) + 3 - 8
8
Evaluate -32 + 33 + -13 + 37.
25
What is the value of -1 - -8 - (-17 + -5 + -17 + 75)?
-29
Calculate 3 + 5 + (-7 - -11) + 2.
14
What is -9 - (-17 + (1 - -8) - (1 + -8))?
-8
What is (-22 - -25) + -30 - -9?
-18
What is 6 - -1 - ((-4 - -12 - 13) + 2)?
10
-25 + -28 + 32 + 9
-12
Evaluate (-7 - (-4 - (0 - 0))) + 7 - 10.
-6
Calculate 2 + -7 + 10 + (12 + -17 - -4).
4
What is the value of 15 - (3 - -2 - -7)?
3
(1 - -34) + (-30 + 32 - 18)
19
What is (-32 - -4) + 22 + -9?
-15
What is the value of (1732 - 1719) + 1 + -30?
-16
What is the value of (-323 + 308 - (-9 + 1)) + 3?
-4
Evaluate (-5 - -4) + -3 - (13 + -15).
-2
What is 11 + (8 - 5) + -14?
0
Calculate -14 - ((-252 - -255) + (2 - 0)).
-19
What is -1 - (-10 - (-17 + 30))?
22
-17 + 16 + (-10 - -8)
-3
Evaluate 964 - 951 - (-1 + 21).
-7
What is (7 - (7 - -2)) + (15 - 9)?
4
Evaluate 0 - (30 + -26 + 2 + -11).
5
What is the value of 18 + 2 + -22 - -20?
18
13 + 0 + 0 + (168 - 155)
26
-9 - (-23 + 13 + 25)
-24
What is (27 - (1 + -2)) + (-50 - -45)?
23
Calculate 38 + (-7 + -18 - -8) + 11.
32
-6 + -1 - (-3 + 9 + -1)
-12
What is (3 - (3 - 4)) + -2 + 1 - -2?
5
Evaluate (5 - (6 + 4)) + (4 - (-28 - 5)).
32
What is 34 + 21 - 58 - (14 + -1)?
-16
(23 - 6) + -19 + (2 - 20)
-20
What is the value of (-5 - 5) + 108 + -78?
20
Calculate 9 + -1 - (9 + (3 - -21) - 3).
-22
-13 - (12 + -6) - -23
4
What is the value of 2 - ((0 - 5) + 10) - 4?
-7
What is 37 - (27 - 3 - (9 + 7))?
29
What is the value of 36 + 0 + -32 + -7 + -1?
-4
What is the value of -8 + 21 - ((-12 - -11) + 0)?
14
What is the value of 4 - -4 - 7 - 9 - (-24 - 9)?
25
Calculate -23 - (-23 - (-17 + -4)).
-21
Evaluate (5 + 6 + -13 + 4 - 9) + 13.
6
Calculate (4 - 0) + (-3 - -15) + (-7 - 0).
9
Calculate 15 + -6 + -27 - -17.
-1
Evaluate 31 - (8 + (0 - 0)).
23
Calculate -8 - ((-1 - 14) + 16).
-9
Calculate 5 + (-18 + 14 - -5).
6
What is 17 + -5 + (-14 - -7) + 10?
15
Evaluate 7 + (-4 + 2 - 8) + 1 + 0.
-2
8 + 10 + (-1 - 0) + (26 - 27)
16
Evaluate -11 + -13 - -14 - 1.
-11
Evaluate 1 + 7 - (32 - (-1 - (-5 + 9))).
-29
What is 30 + (-47 - -21) - (1 - 10)?
13
What is 15 + 4 + -12 + -5?
2
Evaluate 59 + (-68 - (-53 + 16)).
28
-10 - (12 + -5) - -43
26
What is -1